+ 21. Let v be f(-21). Let h be (v/21 - 2*1)/2. Is ((-1)/h)/(6/1164) composite?
False
Let k = 924 + 1593. Suppose 5*b = t + 13641, -2*b - k = -t - 7971. Let f = 2132 + b. Is f composite?
False
Let z = -280 + 286. Suppose -z*k + 949 = 187. Is k composite?
False
Suppose 26806 = 22*b - 169258. Suppose 3*y = b + 7534. Is y a prime number?
False
Let t = -18 - -27. Let b be (7452/(-483))/((-1)/14). Is 14750/t - (-24)/b composite?
True
Let m(i) = -179*i**3 + i**2 - 7*i + 26. Let n be m(-4). Let z = 1993 + n. Is z prime?
False
Let t(j) = -169*j - 106. Let c be t(-26). Let y = c + -873. Is y a prime number?
False
Let j(m) = 5*m**3 - 6*m**2 + 11*m. Let y = 11 + -8. Let a(d) = -10*d**3 + 13*d**2 - 23*d + 1. Let h(x) = y*a(x) + 7*j(x). Is h(4) a prime number?
True
Suppose 518*r = 1037*r - 498*r - 17143413. Is r a prime number?
True
Let f(n) = -4867*n + 816. Is f(-25) composite?
True
Let c be ((-38)/(-114))/(153892/(-153894) + 1). Let g = c + -16912. Is g a prime number?
True
Let k(c) = 70*c**2 + 44*c - 193. Is k(43) prime?
True
Let y be 160/200*(-1 + 67/2). Suppose -6*b + y + 10 = 0. Is 771*(10/(-2) + b) a prime number?
False
Let s(q) = 185*q**2 - 27*q + 909. Is s(-35) prime?
True
Suppose -6 = 4*h - 2, -3*p = h + 82. Let l = p + 29. Suppose -12*j + 13460 = -l*j. Is j prime?
False
Let s = -219979 + 509040. Is s a composite number?
True
Let z(x) = 200241*x**2 + 19*x + 27. Is z(-2) a prime number?
True
Let w(a) = a**2. Let r(x) = -2*x**2 - 5*x - 11. Let j(s) = r(s) + 3*w(s). Let h be j(6). Is (-6880)/h + 6/(-2) composite?
False
Let t(j) = j**2 - 9*j + 15. Let r be t(8). Is 1892 - (5 + (-42)/r) a prime number?
False
Suppose 2*p + 10 = 0, 5*d = 4*d + 5*p + 18. Let o(x) be the second derivative of x**4/6 - x**3/2 - 8*x**2 - 18*x. Is o(d) prime?
True
Suppose -5*l = n - 14, 2*l = -n - n + 60. Suppose 4*t - 58 = n. Suppose -t*d + 19*d + 740 = 0. Is d a prime number?
False
Suppose -3*a + 2*a + 14958 = 0. Let k = a - 3524. Is k/18 - (-12)/(-54) a prime number?
False
Let m(j) = 65*j**2 - 15*j + 4. Let v be m(-4). Let d = v - -91. Suppose -d = -3*h - 2*f, -h = h + f - 796. Is h a prime number?
True
Suppose -5*d + 15 = -0*d + k, 4*d = -4*k + 12. Suppose 0 = 9*n - d*n. Suppose 5*p + 0*r + 2*r - 10801 = n, -4*p + 2*r = -8648. Is p a prime number?
True
Let m = 91 + -95. Let d be 2/m - (-5)/10 - -809. Suppose -5*t - 3*i = -1185, i = -4*t + 139 + d. Is t composite?
True
Let j = 742031 + -513433. Is j composite?
True
Let r(k) = 10*k - 122. Let w be r(12). Is w*(106035/10)/(-3) a prime number?
True
Let x = -720 + 1608. Suppose -9*u + 2715 = x. Is u a composite number?
True
Let v(d) = -4634*d - 549. Is v(-22) a composite number?
False
Let q(b) = -b**2 - 41*b - 84. Let d be q(-30). Let a = 2761 + d. Is a composite?
True
Let l = 49691 - 14758. Is l a composite number?
True
Suppose -3373 = 3*q + 5*a, 3*q + 3*a + 0*a = -3363. Is 4 - 225/6*q/2 composite?
False
Let m(c) = 968*c**2 - 30*c + 89. Is m(-16) a prime number?
False
Let g = -455 + 454. Suppose -t + 5*t = 6776. Is 3/g + t/21*3 a composite number?
False
Suppose 10*y + 20 = 14*y. Suppose -y*t + 6*l + 11753 = 4*l, -4*t - 4*l = -9408. Is t prime?
True
Suppose 0 = -10*y + 5*y - m + 538203, -215286 = -2*y + 2*m. Is y composite?
False
Let c = -9882 + 26429. Is c prime?
True
Let o(g) = -g**3 - 13*g**2 - 13*g + 8. Let z be o(-12). Is 24/z*-5 + 6739 a composite number?
False
Let c be (-812)/(-49) - -5 - (-3)/7. Let l(b) = b**3 + 20*b**2 - 34*b + 51. Is l(c) prime?
False
Let b(j) = -141*j**3 - 6*j - 3. Let g be b(-2). Suppose g = 2*m + 5*k, -6*m + 4*k = -7*m + 567. Is m composite?
False
Suppose -12*i - 75 = -147. Suppose i*l + 49798 = 20*l. Is l a composite number?
False
Let q be 8/12*1905/10. Let w = -212 + q. Is (-67473)/w - (-2)/10 a prime number?
False
Let v be (-266)/(-342) + (-2)/(-9). Let h(f) = 5217*f - 40. Is h(v) prime?
False
Let m(t) = -24337*t**3 + 3*t + 3. Let l(d) = d**2 - 8*d + 11. Let c be l(6). Is m(c) composite?
False
Let h = 52 + -52. Suppose -8*r + 6*r - 212 = h. Let b = 233 + r. Is b composite?
False
Is 2 - (-141 - 506358 - (3 + -1)) a prime number?
False
Let f be ((-2)/(-4))/(14/84). Is (-107154)/(-24)*(4 + (-8)/f) a composite number?
False
Let x be 136/102*192234/4. Suppose 0 = 6*p - 7712 - x. Is p prime?
False
Let y be (24/(-8 - 0))/(3/(-2)). Suppose 3875 = b + 2*p, 0 = -5*b - p - y*p + 19403. Let g = -2120 + b. Is g a prime number?
False
Let s = 439318 - 311297. Is s a prime number?
True
Let c = 2971 + -1547. Let f = -625 + c. Is f composite?
True
Let r be (-2)/(-2)*-2*21627/(-6). Is 1/(-8) - r/(-8) composite?
True
Suppose 4*q - 6 = 2. Suppose -4*c - 1653 = -g, -1581 = -2*g - q*c + 1735. Is g composite?
False
Suppose 8*f = 64 + 104. Suppose f*h - 1 = 20*h. Let o(j) = 872*j - 1. Is o(h) a prime number?
False
Is (-20323)/(143/13 - 12) composite?
False
Let x(u) = 1934*u - 337. Is x(17) a composite number?
True
Suppose 0 = -9*d + 1161 - 234. Let w = d + -97. Suppose 10*v - 5212 = w*v. Is v composite?
False
Let j be (5 - -10)*(-21174)/(-30). Suppose 0 = 6*f - 16695 - j. Is f composite?
False
Let a(x) be the second derivative of -9*x + 0 + 7/12*x**4 + 21/2*x**2 + 1/3*x**3. Is a(-10) a composite number?
False
Let y(w) = -19537*w - 967. Is y(-6) composite?
True
Is (5 - 4)/(-1 + -3) - (-481047)/12 a composite number?
False
Let r = 37 - 37. Suppose -2*x = -r*x - 8826. Is x a composite number?
True
Let z(b) = -6298*b**3 - 3*b**2 + 18*b + 74. Is z(-3) composite?
True
Suppose -k - 5*o = 3*k - 448, -o = -5*k + 560. Let a = 79 - k. Is 12/66 - (12501/a - 2) a composite number?
True
Let v be 145/4 + 1/(-4). Suppose 5*n = v - 26. Is (-19672)/(-4)*n/4 composite?
False
Suppose -30545 = -12*u + 15*u - 4*g, -2*g = 3*u + 30569. Let a = -5320 - u. Is a composite?
True
Let g = 164 + -119. Is (24/10 + -1)/(3/g) a prime number?
False
Suppose 786*o - 781*o = -m + 940890, 4*o - 752731 = 3*m. Is o a composite number?
False
Suppose -5*n + 72 - 17 = 0. Suppose -22*d + 36 = -18*d. Suppose -n*b + 326 = -d*b. Is b a composite number?
False
Suppose 4*x + 4 + 28 = 0. Let r = -7 - x. Is 1/r*(-4 - -117) a composite number?
False
Suppose -7*t + 10 = -18. Suppose -20*k + 474504 = t*k. Is k composite?
True
Let a(t) = 1368*t + 1169. Is a(11) a composite number?
False
Let n(m) = -89*m**3 - m**2 - 7. Let o(r) = -r**3 - 1. Let a(d) = -n(d) + 2*o(d). Let q(l) be the first derivative of a(l). Is q(1) a composite number?
False
Is (-4300732 - 34/(-2))*(-2*1 - -1) a prime number?
False
Let k = 27781 - 9476. Let u be k/55 + (-2)/(-11). Suppose 4*j - 894 = -2*v, 2*v - 1235 = 4*j - u. Is v prime?
True
Let x(w) = 2*w**2 - 15*w + 10. Suppose -9 - 36 = -5*h - 3*n, -27 = -2*h - 3*n. Let d be x(h). Is d/2*(-337)/4 composite?
False
Let a(z) = -z**3 - 87*z**2 - 98*z - 283. Is a(-89) a composite number?
False
Let y(x) = x**2 - 15*x + 86. Let i be y(10). Suppose -d = 3*q - 9383, 3*q + 35*d - i*d = 9379. Is q a prime number?
False
Suppose 4*c - 78832 - 808423 = -3*q, 4*q - 1182972 = -c. Is q prime?
False
Is 1921767/2*(2006/102 + -19) a prime number?
True
Let q(y) = 4541*y + 789. Is q(22) a composite number?
True
Let z(s) = -174416*s + 1321. Is z(-5) a composite number?
True
Suppose -40*q = -24*q - 476048. Is q a composite number?
False
Let t(x) be the second derivative of -3053*x**3/6 - 8*x**2 + x + 34. Let s be t(-4). Suppose 2*j - 3*u = 6017 + 89, 0 = -4*j + 2*u + s. Is j prime?
False
Let q = 410 + 2284. Suppose 52*w - 58986 = 34*w. Let f = q + w. Is f composite?
True
Suppose 1012943 = o + 3*b, 420*o = 416*o + 3*b + 4051712. Is o a composite number?
False
Suppose -4*h - 2215 = r, -h + 4*r = 49 + 526. Suppose 9*c - 27984 = -3*c. Let l = h + c. Is l prime?
True
Let q(v) = -v**3 - 27*v**2 - 24*v - 45. Let i be q(-27). Suppose -d + 3144 = -i. Is d a composite number?
True
Let v be 15565/(-5) + 8/6*-3. Let l = -1306 - v. Is l a prime number?
True
Suppose 3*k - 16 = -k. Let q(l) be the third derivative of l**6/20 - l**5/10 + l**4/8 - 7*l**3/6 + 1163*l**2. Is q(k) a composite number?
False
Let h(b) = 3*b**3 - 12*b**2 + 10*b - 69. Let c(y) = 6*y**3 - 25*y**2 + 21*y - 138. Let p(u) = -4*c(u) + 9*h(u). Is p(16) a prime number?
True
Let t(k) = 187*k**2 + 126*k - 2204. Is t(17) prime?
False
Let p(n) be the first derivative of 1963*n**2/2 - 128*n + 179. Is p(7) prime?
True
Let z 